?
33
Let u(s) be the third derivative of -s**6/120 - s**5/6 - s**4/12 - s**3 + 505*s**2 - 2*s. Give u(-5).
-121
Suppose 3*x - 148 = 7*x. Let r be (10 + 420)/(-10) - (-1 - 3). Let f = r - x. Let p(z) = 3*z**2 + 3*z + 3. Give p(f).
9
Let y be (((-2080)/91)/(-10))/((6/21)/1). Let h = -11 - -21. Let z(d) = h*d - 4 + 8 + 2 + 1 - d**2. What is z(y)?
23
Let h(m) be the third derivative of m**6/120 - 7*m**5/60 - m**4/3 - 7*m**3/6 - 570*m**2. Calculate h(8).
-7
Let t(p) = p + 6 - 1 - 3 + 9. Suppose 4*m - 7*m - 12 = 0. Let h be (6/(-5))/(m/(-20)). Determine t(h).
5
Let k(l) be the first derivative of l**6/120 + l**5/12 + l**4/6 - l**3/6 + l**2/2 - 66*l + 19. Let u(a) be the second derivative of k(a). What is u(-3)?
5
Let o(a) = -44539*a**2 + 22270*a**2 - 30*a + 22268*a**2 - 101. Give o(-4).
3
Let x(q) = -q**3 - 1. Let u(z) = 10*z**2 + 8*z - 91*z**3 + 160*z**3 - 72*z**3 - 21. Let i(g) = -u(g) + 4*x(g). What is i(-9)?
8
Let d(o) = 3 + 537*o - 1590*o + 1 - o**3 - 7*o**2 + 531*o + 518*o. Give d(-2).
-8
Let t be (-16)/72 + (-19988)/(-36). Let l(o) = -550*o**2 - t*o**2 + 1106*o**2 + 2*o + 2 - 3. Determine l(-2).
-1
Let v(y) = -y**2 + 4*y - 22. Let g(b) = -b**3 + 68*b**2 + 142*b - 135. Let f be g(70). Give v(f).
-27
Let v(h) = -h**2 + 5*h - 1. Suppose -4*u - 47 = -3*c + 55, 5*c - 170 = 4*u. Let b be 33 - c - (-6 + 1). Give v(b).
3
Suppose 1778*c - 1783*c + 0 = -10. Let f(m) be the second derivative of 2/3*m**3 - 7*m + 2*m**c + 0 + 1/20*m**5 + 1/2*m**4. What is f(-5)?
9
Let j(k) = k**2 + k. Let s(x) = -x**2 + 5*x - 1. Let q = -97 - -100. Let t(f) = q*j(f) - s(f). What is t(2)?
13
Let n(t) be the third derivative of 10*t + 1/2*t**4 + 0 + 0*t**3 + t**2. What is n(-1)?
-12
Let t(n) = -n**3 - 14*n - 2414*n**2 - 52*n + 64 + 2448*n**2 + 0*n**3. What is t(32)?
0
Let j(p) = -p - 10. Let h(f) = -55*f - 525. Let v(x) = 2*h(x) - 105*j(x). What is v(-7)?
35
Let n = -17560 + 17580. Let s(o) = o**3 - 19*o**2 - 19*o + 13. Determine s(n).
33
Let r be 2/(-3) - -3*77/63. Let z(v) = 12*v**2 - 10*v - v**r - 14 + 10 - 2. What is z(11)?
5
Suppose -129 = 3*d - 135. Suppose 2*x = m + 1, -8*m + 3*m = -4*x - 7. Let o(s) = 2 - 16*s + 18*s + 2*s**m + s**3 - 4*s**2. Calculate o(d).
14
Suppose 12*f + 8*f = 10 - 30. Let y(b) = -28*b + 7. Give y(f).
35
Let z(k) = 2*k**3 + 4*k**2 + 2*k - 2. Let s = 32 + -26. Suppose -4*y + s = -6. Suppose -v = y*v + 8. What is z(v)?
-6
Suppose -3*w + 57 = -15. Let z be (w/(-14))/(22/(-77)). Let q(d) = 2*d**2 - 8*d. Calculate q(z).
24
Let a(o) = o**2 + 20*o**2 + 28 - 20*o**2 + 10*o + 0*o**2. Calculate a(-7).
7
Let j(z) = z**3 + 5*z**2 - 2*z - 13. Let y be 1 + (7 - (3 + -2) - (-23 + 35)). Give j(y).
-3
Suppose 0 = 17*u + 9*u - 130. Suppose u = -6*k - 37. Let b(o) = -o**2 - 9*o - 3. Give b(k).
11
Let g(n) = n**2 - 4*n + 5. Suppose 4*a = 2*w + 36, 2*a = 5*a + 5*w - 1. Calculate g(a).
26
Let f be (-1)/((-2)/6)*(-34 - -31). Let y be -2 + f/(18/(-8)). Suppose -2*g - 6 = -y. Let p(o) = o**3 + o**2 + 4*o + 3. What is p(g)?
-9
Let a(i) be the third derivative of i**5/60 - 5*i**4/6 - 220*i**2. Determine a(15).
-75
Let n be ((-88)/12)/((-4)/(-6)). Let a(p) = p**2 + 10*p - 8. Let y be a(n). Let b(i) = 11*i - 17*i + 1 + 3. Determine b(y).
-14
Let i(r) be the first derivative of 7*r**2 + 197*r - 8512. Determine i(-13).
15
Suppose -127 + 94 = -11*b. Suppose 5*r - b*r = r. Let i(s) = 5*s - 5. Calculate i(r).
-5
Let b(m) = -106*m**2 + 744*m - 7. Let n be b(7). Let q(g) = 2*g**2 - 10*g + 17. Give q(n).
45
Let u be 1 + (2 - (2 - 5)). Let f be 28/u + 3/9. Let v(z) = -7*z - 4. Let c(g) = 10*g + 7. Let t(l) = 5*c(l) + 7*v(l). What is t(f)?
12
Let f(g) be the first derivative of -g**3/3 - 5*g**2 - 22*g - 616. Give f(-4).
2
Let v(k) = -k**2 + 4*k + 10. Let r(m) be the second derivative of -m**2/2 + 104*m. Let c(a) = -2*r(a) - v(a). What is c(6)?
4
Let b(l) be the first derivative of -13*l**3/3 + l**2 - 864. What is b(-2)?
-56
Let f(v) = -3405 - 3400 + v**3 + 18*v**2 + 7*v + 9*v + 6778. Determine f(-17).
-10
Let j(m) = 13*m. Suppose 2*q = -8, 0 = -4*i - 2*q - 52 + 4. Let s = -7 + 10. Let p be i/6 - (16/s - 5). Determine j(p).
-26
Let m(v) be the second derivative of v**2/2 + v. Let h(t) = -t**2 + 5*t + 3. Let y(i) = 12*i - 11. Let a be y(1). Let j(s) = a*h(s) - 5*m(s). Calculate j(4).
2
Let j(b) be the first derivative of -1/6*b**3 - 1/2*b**2 + 15*b - 26 - 1/4*b**5 - 1/12*b**4. Let f(u) be the first derivative of j(u). What is f(-1)?
4
Let j(m) = -2*m - 4. Let c(k) = -3*k - 6. Suppose -q = 4*p - 23, p - 4*q - 20 = -9*q. Let o(d) = p*c(d) - 8*j(d). Determine o(-4).
-2
Let b(v) = 10*v + 68. Let y be b(-7). Let x be ((-85)/(-34))/((-19)/12 - y). Let w(d) = -d**2 + 5*d + 8. Determine w(x).
2
Let i(d) = 3*d**3 + 3*d**2 + d - 6. Let p(m) = m**2 + 5*m - 9*m - 2 + m**3 + 5*m. Let w(g) = -2*i(g) + 5*p(g). Calculate w(-3).
11
Let t(r) = r**3 + 5*r**2 + 2*r + 5. Suppose -2*m = -18*m - 14*m. Suppose m = -5*w - 2*y - 12, w + 2*y - 49 + 45 = 0. Determine t(w).
13
Let r(u) = 10*u + 12. Let k(w) = -3*w - 1. Suppose -3*q = -f + 15, 10 = -5*q - f - 7. Let p(d) = q*k(d) - r(d). What is p(-5)?
-18
Let w(d) = 4*d. Let o be w(1). Suppose 5*s = -2*q - 30, -3*s - 6*q + o*q = 22. Let p(x) = x - x**3 - 3*x + 6*x - 3*x**2 + x. Calculate p(s).
-4
Let h(u) = u**3 + 11*u**2 + u + 11. Let k be h(-11). Let o be 1/(-4*5/(-40)). Let s(n) = k - 1 + 5*n + o + n**2 + 1. Calculate s(-6).
8
Let g(r) = -38 - 879*r**2 + 882*r**2 + 10*r + 54. Give g(-2).
8
Let j(q) be the third derivative of 1/6*q**4 + 1/15*q**5 - 2*q**2 + 1/2*q**3 + 0*q + 8 - 1/120*q**6. Calculate j(5).
-2
Let g(n) = 9*n + 93. Let m be g(-10). Suppose -2 = 2*q + 3*a + 13, 5*q + 24 = -m*a. Let l(z) = z**3 + z**2 + 4*z + 4. Give l(q).
-26
Suppose -3*p = 3*n + 24, -5*n - 88 = -280*p + 293*p. Let k(u) = -4*u**2 - 4*u + 3. Let f(j) = j**2 + j - 1. Let b(w) = 6*f(w) + k(w). Calculate b(n).
1
Suppose -5*i = -19 - 1. Suppose -i*b + 20 = -5*r, -15 = -4*b + b + r. Let m(f) = 5*f - 7 + 15*f**2 - f**3 - 11*f**2 + 0. Give m(b).
-7
Let u(q) = q + 10. Let d(m) = m**2 - 5*m + 2. Let c be d(5). Let h be -6*2*3/(-36)*c. Suppose b + 3 = z, 4*z = 2*b + h - 0. What is u(b)?
5
Let j(y) = -3*y**2 + 4*y + 5. Let v(x) = -16*x**2 + 22*x + 25. Let k = 53 - 42. Let q(a) = k*j(a) - 2*v(a). What is q(0)?
5
Let h(v) = v**3 + 4*v**2 - 4*v + 2. Let g = 36 + -40. What is h(g)?
18
Suppose -10 = -4*y + 5*p, -y + 2*p = y - 6. Let t(f) = 9*f + 22. What is t(y)?
67
Let p be 4/(16/(-6))*(0 + -2). Suppose g - 4*g + p = 0. Let y(a) = g - 4*a**2 - 3 - 1 + 12*a - 13*a + a**3. Calculate y(4).
-7
Let n(w) be the first derivative of -2*w**3/3 - w**2/2 - 1. Let d = -388 + 394. Suppose 3*y - d + 12 = 0. Determine n(y).
-6
Let y(c) = -5*c - 69. Let m be (-70)/(-40)*2*8/(-2). Determine y(m).
1
Let j(r) = -7*r + 12. Suppose -2*d - 4 = v - 16, 2*v - 27 = -5*d. Calculate j(v).
-30
Let r(c) be the third derivative of c**5/30 + 19*c**4/24 - 5*c**3/3 - 180*c**2 - 4*c. Give r(-10).
0
Let p = -289 + 297. Let y(o) = 3 - 5 + p*o**2 + 2*o + 2 - 3 + o. Calculate y(1).
8
Let c(q) be the first derivative of q**4/4 + 7*q**3 - 23*q**2/2 - 15*q + 924. What is c(-22)?
7
Let q be (-3 - (4 + -5))*-2. Suppose 0 - 20 = -4*z. Let j(i) = -4 + 3*i**2 + z + 6 - 5 - i**3 + 5*i. Determine j(q).
6
Let b = -123 - -125. Let c(l) = 20*l**3 + 14*l**2 + 9*l - 3. Let n(g) = 7*g**3 + 5*g**2 + 3*g - 1. Let j(h) = 6*c(h) - 17*n(h). Determine j(b).
9
Suppose -4*f = 5*v - 12, 21*f = 22*f + 2*v - 3. Let j(z) = 7*z - 20. Determine j(f).
1
Let m(w) = 69*w**2 - 4*w - 65. Let h(j) = -380*j**2 + 18*j + 325. Let b(k) = -2*h(k) - 11*m(k). Give b(-6).
53
Suppose 173*c + 570 = 52*c + 86. Let g(i) = -2*i**3 - 7*i**2 + 7*i + 14. Calculate g(c).
2
Let m(n) = 6 - 35*n - 172 - 158. Calculate m(-9).
-9
Let z be 5*(24/(-15) - -2). Let g(u) = 1281*u + 0*u**3 - 11*u**z + 4 - 2564*u + 1282*u + u**3. Give g(11).
-7
Let a(h) = h - 1. Let x(t) = t**3 - 8*t**2 + t + 10. Suppose 0 = -2*g - 4*q - 18, -q - 6 = -3*g - 5. Let f(l) = g*x(l) - 2*a(l). Give f(7).
20
Let w(q) = 7*q + 0*q - 979 + 985. Calculate w(-14).
-92
Let t(m) = 6*m**3 + m - 2. Let r(u) = -u**3 - 8*u**2 + 8*u - 8. Let i be r(-9). Let a be t(i). Let f(j) = 8*j + 8 + a*j - 12*j. What is f(-5)?
3
Suppose -3*u + 12 = -12. Let x(n) = 235*n - 12 - 696*n - n**3 + 233*n + 7*n**2 + 234*n. Give x(u).
-28
Let u(z) =